{"id":3901,"date":"2022-11-30T15:29:30","date_gmt":"2022-11-30T15:29:30","guid":{"rendered":"https:\/\/www.nelsonquintas.pt\/news\/"},"modified":"2022-12-05T18:42:30","modified_gmt":"2022-12-05T18:42:30","slug":"news","status":"publish","type":"page","link":"https:\/\/www.nelsonquintas.pt\/en\/news\/","title":{"rendered":"News"},"content":{"rendered":"<p>[vc_row][vc_column]<div class=\"gt-page-heading gt-dark gt-center\"><h1>News<\/h1><\/div>[vc_column_text]<\/p>\n<p style=\"text-align: center;\">Follow the recognition of our work by the National and International Media in an increasingly global and digital context.<\/p>\n<p>[\/vc_column_text][vc_empty_space height=&#8221;45px&#8221;][\/vc_column][\/vc_row][vc_row][vc_column css_animation=&#8221;fadeInLeft&#8221;]<div class=\"gt-blog-list\"><div class=\"gt-blog-list-item gt-style-1\"><div class=\"gt-img\"><a href=\"https:\/\/www.nelsonquintas.pt\/en\/nelson-quintas-invests-12-5-million-in-an-office-tower-and-parking-in-the-porto-business-zone\/\"><img width=\"555\" height=\"555\" src=\"data:image\/svg+xml,%3Csvg%20xmlns%3D%27http:\/\/www.w3.org\/2000\/svg%27%20viewBox%3D%270%200%203%202%27%3E%3C\/svg%3E\" class=\"attachment-luxe-post-1 size-luxe-post-1 gt-lazy-load wp-post-image\" alt=\"\" loading=\"lazy\" data-src=\"https:\/\/www.nelsonquintas.pt\/wp-content\/uploads\/2020\/06\/noticiatorre_de_escritorios_promovida_pelo_grupo_nelson_quintas_._foto_es-555x555.jpg\" data-srcset=\"https:\/\/www.nelsonquintas.pt\/wp-content\/uploads\/2020\/06\/noticiatorre_de_escritorios_promovida_pelo_grupo_nelson_quintas_._foto_es-555x555.jpg 555w, https:\/\/www.nelsonquintas.pt\/wp-content\/uploads\/2020\/06\/noticiatorre_de_escritorios_promovida_pelo_grupo_nelson_quintas_._foto_es-150x150.jpg 150w, https:\/\/www.nelsonquintas.pt\/wp-content\/uploads\/2020\/06\/noticiatorre_de_escritorios_promovida_pelo_grupo_nelson_quintas_._foto_es-540x540.jpg 540w, https:\/\/www.nelsonquintas.pt\/wp-content\/uploads\/2020\/06\/noticiatorre_de_escritorios_promovida_pelo_grupo_nelson_quintas_._foto_es-65x65.jpg 65w, https:\/\/www.nelsonquintas.pt\/wp-content\/uploads\/2020\/06\/noticiatorre_de_escritorios_promovida_pelo_grupo_nelson_quintas_._foto_es-350x350.jpg 350w\" data-sizes=\"(max-width: 555px) 100vw, 555px\" \/><div class=\"gt-overlay\"><div class=\"gt-overlay-color\"><\/div><div class=\"gt-overlay-icon\"><svg xmlns=\"http:\/\/www.w3.org\/2000\/svg\" width=\"24\" height=\"24\" viewBox=\"0 0 24 24\" fill=\"none\" stroke=\"currentColor\" stroke-width=\"1\" stroke-linecap=\"round\" stroke-linejoin=\"round\" class=\"feather feather-arrow-right\"><line x1=\"5\" y1=\"12\" x2=\"19\" y2=\"12\"><\/line><polyline points=\"12 5 19 12 12 19\"><\/polyline><\/svg><\/div><\/div><\/a><\/div><div class=\"gt-content\"><div class=\"gt-line\"><\/div><h3 class=\"gt-title\"><a href=\"https:\/\/www.nelsonquintas.pt\/en\/nelson-quintas-invests-12-5-million-in-an-office-tower-and-parking-in-the-porto-business-zone\/\">Nelson Quintas invests 12.5 million in an office tower and parking in the Porto Business Zone<\/a><\/h3><p class=\"gt-excerpt\">\"The Nelson Quintas group, which holds a set of assets in tourism, services, and leisure in Greater Porto, is investing in the construction of two buildings in the Porto Business Zone (ZEP), for offices, parking, and commerce. The estimated total investment is \u20ac12.5 million.\"\r\n<\/p><span><div class=\"gt-date\">December 2, 2022<\/div><\/span><\/div><\/div><div class=\"gt-blog-list-item gt-style-1\"><div class=\"gt-img\"><a href=\"https:\/\/www.nelsonquintas.pt\/en\/porto-nelson-quintas-group-invests-four-million-in-the-bold-s-bento-residences\/\"><img width=\"555\" height=\"512\" src=\"data:image\/svg+xml,%3Csvg%20xmlns%3D%27http:\/\/www.w3.org\/2000\/svg%27%20viewBox%3D%270%200%203%202%27%3E%3C\/svg%3E\" class=\"attachment-luxe-post-1 size-luxe-post-1 gt-lazy-load wp-post-image\" alt=\"\" loading=\"lazy\" data-src=\"https:\/\/www.nelsonquintas.pt\/wp-content\/uploads\/2022\/03\/s._bento_residences_credits_alexander_bogorodskiy_24-555x512.jpg\" \/><div class=\"gt-overlay\"><div class=\"gt-overlay-color\"><\/div><div class=\"gt-overlay-icon\"><svg xmlns=\"http:\/\/www.w3.org\/2000\/svg\" width=\"24\" height=\"24\" viewBox=\"0 0 24 24\" fill=\"none\" stroke=\"currentColor\" stroke-width=\"1\" stroke-linecap=\"round\" stroke-linejoin=\"round\" class=\"feather feather-arrow-right\"><line x1=\"5\" y1=\"12\" x2=\"19\" y2=\"12\"><\/line><polyline points=\"12 5 19 12 12 19\"><\/polyline><\/svg><\/div><\/div><\/a><\/div><div class=\"gt-content\"><div class=\"gt-line\"><\/div><h3 class=\"gt-title\"><a href=\"https:\/\/www.nelsonquintas.pt\/en\/porto-nelson-quintas-group-invests-four-million-in-the-bold-s-bento-residences\/\">Porto: Nelson Quintas group invests four million in the bold S. Bento Residences<\/a><\/h3><p class=\"gt-excerpt\">\"Few people are indifferent to the new recently built S. Bento Residences building, located in the historic centre of the city of\u00a0Porto\u00a0\u2013 in the square between Baixa (dowtown) and Ribeira \u2013, next to the iconic building of the S\u00e3o Bento Train Station. Promoted by the Nelson Quintas group and built by San Jos\u00e9, the property was designed by the architect Nuno Grande - Atelier Pedra L\u00edquida -, who went for a bold fa\u00e7ade, whose characteristics and the proximity of the imposing building of the S\u00e3o Bento Railway Station (Property of Public Interest) split the opinion of the people of Porto.\"\r\n<\/p><span><div class=\"gt-date\">December 2, 2022<\/div><\/span><\/div><\/div><div class=\"gt-blog-list-item gt-style-1\"><div class=\"gt-img\"><a href=\"https:\/\/www.nelsonquintas.pt\/en\/eyes-on-the-return-of-tourists\/\"><img width=\"555\" height=\"555\" src=\"data:image\/svg+xml,%3Csvg%20xmlns%3D%27http:\/\/www.w3.org\/2000\/svg%27%20viewBox%3D%270%200%203%202%27%3E%3C\/svg%3E\" class=\"attachment-luxe-post-1 size-luxe-post-1 gt-lazy-load wp-post-image\" alt=\"\" loading=\"lazy\" data-src=\"https:\/\/www.nelsonquintas.pt\/wp-content\/uploads\/2022\/03\/S.-BENTO-RESIDENCES_IMG_7939-E-E-1600x1067-1-555x555.jpg\" data-srcset=\"https:\/\/www.nelsonquintas.pt\/wp-content\/uploads\/2022\/03\/S.-BENTO-RESIDENCES_IMG_7939-E-E-1600x1067-1-555x555.jpg 555w, https:\/\/www.nelsonquintas.pt\/wp-content\/uploads\/2022\/03\/S.-BENTO-RESIDENCES_IMG_7939-E-E-1600x1067-1-150x150.jpg 150w, https:\/\/www.nelsonquintas.pt\/wp-content\/uploads\/2022\/03\/S.-BENTO-RESIDENCES_IMG_7939-E-E-1600x1067-1-540x540.jpg 540w, https:\/\/www.nelsonquintas.pt\/wp-content\/uploads\/2022\/03\/S.-BENTO-RESIDENCES_IMG_7939-E-E-1600x1067-1-800x800.jpg 800w, https:\/\/www.nelsonquintas.pt\/wp-content\/uploads\/2022\/03\/S.-BENTO-RESIDENCES_IMG_7939-E-E-1600x1067-1-750x750.jpg 750w, https:\/\/www.nelsonquintas.pt\/wp-content\/uploads\/2022\/03\/S.-BENTO-RESIDENCES_IMG_7939-E-E-1600x1067-1-65x65.jpg 65w, https:\/\/www.nelsonquintas.pt\/wp-content\/uploads\/2022\/03\/S.-BENTO-RESIDENCES_IMG_7939-E-E-1600x1067-1-350x350.jpg 350w, https:\/\/www.nelsonquintas.pt\/wp-content\/uploads\/2022\/03\/S.-BENTO-RESIDENCES_IMG_7939-E-E-1600x1067-1-650x650.jpg 650w\" data-sizes=\"(max-width: 555px) 100vw, 555px\" \/><div class=\"gt-overlay\"><div class=\"gt-overlay-color\"><\/div><div class=\"gt-overlay-icon\"><svg xmlns=\"http:\/\/www.w3.org\/2000\/svg\" width=\"24\" height=\"24\" viewBox=\"0 0 24 24\" fill=\"none\" stroke=\"currentColor\" stroke-width=\"1\" stroke-linecap=\"round\" stroke-linejoin=\"round\" class=\"feather feather-arrow-right\"><line x1=\"5\" y1=\"12\" x2=\"19\" y2=\"12\"><\/line><polyline points=\"12 5 19 12 12 19\"><\/polyline><\/svg><\/div><\/div><\/a><\/div><div class=\"gt-content\"><div class=\"gt-line\"><\/div><h3 class=\"gt-title\"><a href=\"https:\/\/www.nelsonquintas.pt\/en\/eyes-on-the-return-of-tourists\/\">Eyes on the return of tourists<\/a><\/h3><p class=\"gt-excerpt\">\"The Nelson Quintas group believes in the return of tourism and has several ongoing projects that will create over two hundred jobs. The most recent one has now opened doors in the historic centre of Porto, right next to S\u00e3o Bento Station.\"\r\n<\/p><span><div class=\"gt-date\">December 2, 2022<\/div><\/span><\/div><\/div><\/div><div class=\"gt-pagination gt-light\"><ul class='page-numbers'>\n\t<li><span aria-current=\"page\" class=\"page-numbers current\">1<\/span><\/li>\n\t<li><a class=\"page-numbers\" href=\"https:\/\/www.nelsonquintas.pt\/en\/wp-json\/wp\/v2\/pages\/3901\/page\/2\/\">2<\/a><\/li>\n\t<li><a class=\"page-numbers\" href=\"https:\/\/www.nelsonquintas.pt\/en\/wp-json\/wp\/v2\/pages\/3901\/page\/3\/\">3<\/a><\/li>\n\t<li><a class=\"next page-numbers\" href=\"https:\/\/www.nelsonquintas.pt\/en\/wp-json\/wp\/v2\/pages\/3901\/page\/2\/\">Next<\/a><\/li>\n<\/ul>\n<\/div>[vc_empty_space height=&#8221;120px&#8221;][\/vc_column][\/vc_row]<\/p>\n","protected":false},"excerpt":{"rendered":"<p>[vc_row][vc_column][vc_column_text] Follow the recognition of our work by the National and International Media in an increasingly global and digital context. [\/vc_column_text][vc_empty_space height=&#8221;45px&#8221;][\/vc_column][\/vc_row][vc_row][vc_column css_animation=&#8221;fadeInLeft&#8221;][vc_empty_space height=&#8221;120px&#8221;][\/vc_column][\/vc_row]<\/p>\n","protected":false},"author":1,"featured_media":0,"parent":0,"menu_order":0,"comment_status":"closed","ping_status":"closed","template":"","meta":[],"_links":{"self":[{"href":"https:\/\/www.nelsonquintas.pt\/en\/wp-json\/wp\/v2\/pages\/3901"}],"collection":[{"href":"https:\/\/www.nelsonquintas.pt\/en\/wp-json\/wp\/v2\/pages"}],"about":[{"href":"https:\/\/www.nelsonquintas.pt\/en\/wp-json\/wp\/v2\/types\/page"}],"author":[{"embeddable":true,"href":"https:\/\/www.nelsonquintas.pt\/en\/wp-json\/wp\/v2\/users\/1"}],"replies":[{"embeddable":true,"href":"https:\/\/www.nelsonquintas.pt\/en\/wp-json\/wp\/v2\/comments?post=3901"}],"version-history":[{"count":6,"href":"https:\/\/www.nelsonquintas.pt\/en\/wp-json\/wp\/v2\/pages\/3901\/revisions"}],"predecessor-version":[{"id":4068,"href":"https:\/\/www.nelsonquintas.pt\/en\/wp-json\/wp\/v2\/pages\/3901\/revisions\/4068"}],"wp:attachment":[{"href":"https:\/\/www.nelsonquintas.pt\/en\/wp-json\/wp\/v2\/media?parent=3901"}],"curies":[{"name":"wp","href":"https:\/\/api.w.org\/{rel}","templated":true}]}}

<p>[vc_row][vc_column]<div class="gt-page-heading gt-dark gt-center"><h1>News</h1></div>[vc_column_text]</p>
<p style="text-align: center;">Follow the recognition of our work by the National and International Media in an increasingly global and digital context.</p>
<p>[/vc_column_text][vc_empty_space height=&#8221;45px&#8221;][/vc_column][/vc_row][vc_row][vc_column css_animation=&#8221;fadeInLeft&#8221;]<div class="gt-blog-list"><div class="gt-blog-list-item gt-style-1"><div class="gt-img"><a href="https://www.nelsonquintas.pt/en/nelson-quintas-invests-12-5-million-in-an-office-tower-and-parking-in-the-porto-business-zone/"><img width="555" height="555" src="data:image/svg+xml,%3Csvg%20xmlns%3D%27http://www.w3.org/2000/svg%27%20viewBox%3D%270%200%203%202%27%3E%3C/svg%3E" class="attachment-luxe-post-1 size-luxe-post-1 gt-lazy-load wp-post-image" alt="" loading="lazy" data-src="https://www.nelsonquintas.pt/wp-content/uploads/2020/06/noticiatorre_de_escritorios_promovida_pelo_grupo_nelson_quintas_._foto_es-555x555.jpg" data-srcset="https://www.nelsonquintas.pt/wp-content/uploads/2020/06/noticiatorre_de_escritorios_promovida_pelo_grupo_nelson_quintas_._foto_es-555x555.jpg 555w, https://www.nelsonquintas.pt/wp-content/uploads/2020/06/noticiatorre_de_escritorios_promovida_pelo_grupo_nelson_quintas_._foto_es-150x150.jpg 150w, https://www.nelsonquintas.pt/wp-content/uploads/2020/06/noticiatorre_de_escritorios_promovida_pelo_grupo_nelson_quintas_._foto_es-540x540.jpg 540w, https://www.nelsonquintas.pt/wp-content/uploads/2020/06/noticiatorre_de_escritorios_promovida_pelo_grupo_nelson_quintas_._foto_es-65x65.jpg 65w, https://www.nelsonquintas.pt/wp-content/uploads/2020/06/noticiatorre_de_escritorios_promovida_pelo_grupo_nelson_quintas_._foto_es-350x350.jpg 350w" data-sizes="(max-width: 555px) 100vw, 555px" /><div class="gt-overlay"><div class="gt-overlay-color"></div><div class="gt-overlay-icon"><svg xmlns="http://www.w3.org/2000/svg" width="24" height="24" viewBox="0 0 24 24" fill="none" stroke="currentColor" stroke-width="1" stroke-linecap="round" stroke-linejoin="round" class="feather feather-arrow-right"><line x1="5" y1="12" x2="19" y2="12"></line><polyline points="12 5 19 12 12 19"></polyline></svg></div></div></a></div><div class="gt-content"><div class="gt-line"></div><h3 class="gt-title"><a href="https://www.nelsonquintas.pt/en/nelson-quintas-invests-12-5-million-in-an-office-tower-and-parking-in-the-porto-business-zone/">Nelson Quintas invests 12.5 million in an office tower and parking in the Porto Business Zone</a></h3><p class="gt-excerpt">"The Nelson Quintas group, which holds a set of assets in tourism, services, and leisure in Greater Porto, is investing in the construction of two buildings in the Porto Business Zone (ZEP), for offices, parking, and commerce. The estimated total investment is €12.5 million."
</p><span><div class="gt-date">December 2, 2022</div></span></div></div><div class="gt-blog-list-item gt-style-1"><div class="gt-img"><a href="https://www.nelsonquintas.pt/en/porto-nelson-quintas-group-invests-four-million-in-the-bold-s-bento-residences/"><img width="555" height="512" src="data:image/svg+xml,%3Csvg%20xmlns%3D%27http://www.w3.org/2000/svg%27%20viewBox%3D%270%200%203%202%27%3E%3C/svg%3E" class="attachment-luxe-post-1 size-luxe-post-1 gt-lazy-load wp-post-image" alt="" loading="lazy" data-src="https://www.nelsonquintas.pt/wp-content/uploads/2022/03/s._bento_residences_credits_alexander_bogorodskiy_24-555x512.jpg" /><div class="gt-overlay"><div class="gt-overlay-color"></div><div class="gt-overlay-icon"><svg xmlns="http://www.w3.org/2000/svg" width="24" height="24" viewBox="0 0 24 24" fill="none" stroke="currentColor" stroke-width="1" stroke-linecap="round" stroke-linejoin="round" class="feather feather-arrow-right"><line x1="5" y1="12" x2="19" y2="12"></line><polyline points="12 5 19 12 12 19"></polyline></svg></div></div></a></div><div class="gt-content"><div class="gt-line"></div><h3 class="gt-title"><a href="https://www.nelsonquintas.pt/en/porto-nelson-quintas-group-invests-four-million-in-the-bold-s-bento-residences/">Porto: Nelson Quintas group invests four million in the bold S. Bento Residences</a></h3><p class="gt-excerpt">"Few people are indifferent to the new recently built S. Bento Residences building, located in the historic centre of the city of Porto – in the square between Baixa (dowtown) and Ribeira –, next to the iconic building of the São Bento Train Station. Promoted by the Nelson Quintas group and built by San José, the property was designed by the architect Nuno Grande - Atelier Pedra Líquida -, who went for a bold façade, whose characteristics and the proximity of the imposing building of the São Bento Railway Station (Property of Public Interest) split the opinion of the people of Porto."
</p><span><div class="gt-date">December 2, 2022</div></span></div></div><div class="gt-blog-list-item gt-style-1"><div class="gt-img"><a href="https://www.nelsonquintas.pt/en/eyes-on-the-return-of-tourists/"><img width="555" height="555" src="data:image/svg+xml,%3Csvg%20xmlns%3D%27http://www.w3.org/2000/svg%27%20viewBox%3D%270%200%203%202%27%3E%3C/svg%3E" class="attachment-luxe-post-1 size-luxe-post-1 gt-lazy-load wp-post-image" alt="" loading="lazy" data-src="https://www.nelsonquintas.pt/wp-content/uploads/2022/03/S.-BENTO-RESIDENCES_IMG_7939-E-E-1600x1067-1-555x555.jpg" data-srcset="https://www.nelsonquintas.pt/wp-content/uploads/2022/03/S.-BENTO-RESIDENCES_IMG_7939-E-E-1600x1067-1-555x555.jpg 555w, https://www.nelsonquintas.pt/wp-content/uploads/2022/03/S.-BENTO-RESIDENCES_IMG_7939-E-E-1600x1067-1-150x150.jpg 150w, https://www.nelsonquintas.pt/wp-content/uploads/2022/03/S.-BENTO-RESIDENCES_IMG_7939-E-E-1600x1067-1-540x540.jpg 540w, https://www.nelsonquintas.pt/wp-content/uploads/2022/03/S.-BENTO-RESIDENCES_IMG_7939-E-E-1600x1067-1-800x800.jpg 800w, https://www.nelsonquintas.pt/wp-content/uploads/2022/03/S.-BENTO-RESIDENCES_IMG_7939-E-E-1600x1067-1-750x750.jpg 750w, https://www.nelsonquintas.pt/wp-content/uploads/2022/03/S.-BENTO-RESIDENCES_IMG_7939-E-E-1600x1067-1-65x65.jpg 65w, https://www.nelsonquintas.pt/wp-content/uploads/2022/03/S.-BENTO-RESIDENCES_IMG_7939-E-E-1600x1067-1-350x350.jpg 350w, https://www.nelsonquintas.pt/wp-content/uploads/2022/03/S.-BENTO-RESIDENCES_IMG_7939-E-E-1600x1067-1-650x650.jpg 650w" data-sizes="(max-width: 555px) 100vw, 555px" /><div class="gt-overlay"><div class="gt-overlay-color"></div><div class="gt-overlay-icon"><svg xmlns="http://www.w3.org/2000/svg" width="24" height="24" viewBox="0 0 24 24" fill="none" stroke="currentColor" stroke-width="1" stroke-linecap="round" stroke-linejoin="round" class="feather feather-arrow-right"><line x1="5" y1="12" x2="19" y2="12"></line><polyline points="12 5 19 12 12 19"></polyline></svg></div></div></a></div><div class="gt-content"><div class="gt-line"></div><h3 class="gt-title"><a href="https://www.nelsonquintas.pt/en/eyes-on-the-return-of-tourists/">Eyes on the return of tourists</a></h3><p class="gt-excerpt">"The Nelson Quintas group believes in the return of tourism and has several ongoing projects that will create over two hundred jobs. The most recent one has now opened doors in the historic centre of Porto, right next to São Bento Station."
</p><span><div class="gt-date">December 2, 2022</div></span></div></div></div><div class="gt-pagination gt-light"><ul class='page-numbers'>
	<li><span aria-current="page" class="page-numbers current">1</span></li>
	<li><a class="page-numbers" href="https://www.nelsonquintas.pt/en/wp-json/wp/v2/pages/3901/page/2/">2</a></li>
	<li><a class="page-numbers" href="https://www.nelsonquintas.pt/en/wp-json/wp/v2/pages/3901/page/3/">3</a></li>
	<li><a class="next page-numbers" href="https://www.nelsonquintas.pt/en/wp-json/wp/v2/pages/3901/page/2/">Next</a></li>
</ul>
</div>[vc_empty_space height=&#8221;120px&#8221;][/vc_column][/vc_row]</p>
